 81. Let v be ((-234)/b)/(6/8). What is the highest common divisor of v and 78?
6
Let c be (-3 + 3289/44)/(2/8). What is the highest common factor of 369 and c?
41
Let o(q) = -q**3 - 24*q**2 - 128*q + 108. Let k be o(-16). Calculate the highest common factor of k and 153.
9
Suppose 1540 = -255*r + 257*r. What is the greatest common factor of 5 and r?
5
Suppose 3*a - 1311 = 4*v, 0 = -v + 6*v + a + 1634. Let y = 495 + v. Let x(u) = 55*u**2 + 1. Let j be x(1). What is the highest common factor of y and j?
56
Let i(b) = 14*b - 78. Let f be i(11). Suppose 2*h + f = 2*q, 3*h = -2*q + 7*h + 74. Calculate the greatest common factor of 65 and q.
13
Let u = -8966 - -11727. Calculate the greatest common factor of 11 and u.
11
Let v = -8547 + 8751. What is the greatest common divisor of v and 714?
102
Let h(g) = 24*g**2 + 98*g - 855. Let k be h(9). What is the greatest common divisor of k and 292?
73
Suppose -477 = -26*k - 61. What is the highest common factor of 72 and k?
8
Suppose 767 + 7073 = 3*h + 37*h. Calculate the greatest common factor of h and 196.
196
Let w be (-52 - -56) + (0 - (188 - -1)). Let n = -181 - w. What is the highest common factor of 32 and n?
4
Let s = 136 - 74. Let v be ((-6)/4 + 0)/(52/(-728)). Suppose -1860 = 9*b - v*b. Calculate the highest common factor of s and b.
31
Suppose 2*h - p = 12, 13 = 3*h + 3*p - 2*p. Suppose 47 - h = 6*d. Let x be 2/d + (-7992)/(-56). Calculate the highest common divisor of 13 and x.
13
Suppose 0 = 5*y + 2*v - 1190, -12*y + 5*v = -7*y - 1225. Suppose h + 8 = 2*h. Suppose h*o + 60 = 10*o. What is the greatest common divisor of o and y?
30
Let m = 219 - 98. Suppose -2*u - w + 85 = -4, 5*u - 2*w - 218 = 0. What is the greatest common divisor of m and u?
11
Let s(i) = -2*i**2 + 3*i + 25. Let o be s(0). Suppose 3*l + 4*w = 53, -6*l = -2*l + w - 62. Calculate the greatest common factor of l and o.
5
Let n = 3108 + -3058. Calculate the highest common divisor of 85 and n.
5
Let d be 9/99 - (-8864)/22. Calculate the highest common factor of 837 and d.
31
Let d(v) = 14*v - 2. Let n be 9/(-36) - 34/(-8). Let m be d(n). Calculate the greatest common divisor of m and 108.
54
Let r = -1433 - -1439. Calculate the greatest common divisor of r and 273.
3
Suppose 11*h = -15*h + 156. Let x be -54*(2/(-6) - h/36). Calculate the highest common factor of 27 and x.
27
Suppose 7*o = 17*o - 60. Let r = 99 - -3. Calculate the greatest common divisor of r and o.
6
Let b(h) = 5*h**2 + 2*h - 15. Let w be b(-7). Let i be (-19481)/(-616) - 6/(-16). Calculate the greatest common factor of i and w.
8
Let y(c) = -9*c**3 + c - 1. Let n be y(1). Suppose 0 = -147*z + 132*z - 105. Let b be -4 - 33/n - z/3. What is the greatest common divisor of 2 and b?
2
Suppose -55*n + 41*n + 94192 = 0. What is the greatest common divisor of n and 8?
8
Suppose 2*i - 2*m = 6, -2*m - 15 = 129*i - 134*i. What is the greatest common factor of 843 and i?
3
Let u(y) = -y**3 + 21*y**2 + 10*y - 145. Let k be u(21). Calculate the highest common factor of k and 611.
13
Let g be (-20)/15*(-8)/6*3159/26. What is the highest common factor of g and 24?
24
Let z(f) = f**3 + 2*f**2 + 28*f + 6. Let b be z(-6). Let m = 324 + b. What is the highest common divisor of m and 486?
18
Let c be (-2158)/39*276/(-23). What is the highest common factor of 2822 and c?
166
Let g = 11 + 109. Let m be 4/(-18) - ((-368)/36 - -4). Suppose 182 = m*s - 106. Calculate the greatest common factor of g and s.
24
Suppose -2*y - 29 + 430 = -j, -2*y + 3*j + 407 = 0. Let v = -167 + y. Suppose 0*o = o - 48. Calculate the highest common divisor of v and o.
16
Suppose 0 = -14*c + 3122 + 1638. Let t be (-136)/(-12)*6/2. Calculate the highest common factor of c and t.
34
Suppose 0 = -204*g + 300*g - 19008. Calculate the highest common divisor of g and 44.
22
Let z(j) = 11*j**2 + 142*j + 64. Let t be z(16). Calculate the highest common divisor of 14 and t.
14
Let p = 13037 + -9263. Calculate the highest common divisor of 68 and p.
34
Suppose 9*v - 115 - 5001 = 410. Calculate the highest common divisor of 4 and v.
2
Let u = 346 + -343. Suppose -15 = -u*z, -6*i - z = -4*i - 111. Calculate the greatest common factor of 1 and i.
1
Suppose -278 + 245 = -3*v - 3*u, -3*v + 25 = u. Calculate the greatest common factor of v and 763.
7
Let t be (12/(-18))/(-8 + 7) - 16315/(-3). What is the greatest common factor of 111 and t?
111
Let p(r) = -3*r**3 - 53*r**2 + 17*r - 2. Let o be p(-18). Suppose 12*f = 464 + o. What is the greatest common factor of f and 112?
8
Suppose -27374*b = -27390*b + 16. Suppose 3*r - 4*d = 248 + 118, 0 = -5*r - 3*d + 581. Calculate the greatest common divisor of b and r.
1
Let l be 3*6/(-54)*(-16 + -149). Calculate the greatest common divisor of 20 and l.
5
Let j = 33 + -23. Let v = 15 - j. Suppose -87*y = -84*y - 30. Calculate the highest common divisor of v and y.
5
Suppose 32*p + 17*p - 1078 = 0. Suppose -10*j = -2*j - 880. Calculate the highest common factor of p and j.
22
Let y = 37221 - 23687. Calculate the highest common divisor of y and 202.
202
Suppose -5*t + 9*t = 8. Suppose t*g + r = 217, 2*g + 0*g + 2*r = 216. Let d = -29 + g. What is the greatest common divisor of d and 10?
10
Suppose -2*a = 3*p - 198, 5 = -p - 4*a + 81. Calculate the greatest common factor of 10144 and p.
32
Let f(q) = 226*q - 511. Let s be f(7). Calculate the greatest common divisor of 441 and s.
63
Let w = -69 - 31. Let n(z) = -z - 179. Let u be n(-52). Let l = w - u. Calculate the highest common factor of 18 and l.
9
Let m(k) = 2*k**2 + 21*k - 59. Let d be m(-13). Suppose 184 = d*q + 94. Calculate the highest common factor of q and 75.
15
Let k be (30*1)/(696/5800). What is the greatest common divisor of 8 and k?
2
Suppose q = 837 + 774 + 1119. Calculate the highest common factor of 798 and q.
42
Let g = 59 + -191. Let w be g/(-121)*11/2. Calculate the greatest common factor of 58 and w.
2
Suppose 0 = -2*p + p + 10. Let u(n) = -4*n**2 + 20*n + 22. Let j be u(-1). Let g = p + j. What is the greatest common factor of 2 and g?
2
Suppose 5*j + 31 + 4 = 0. Let w(y) = 2*y**2 + 11*y - 13. Let b be w(j). Calculate the highest common factor of b and 4.
4
Let o(n) = 6506*n**2 - 47*n + 42. Let f be o(2). Calculate the highest common factor of f and 172.
172
Suppose -4*y + 2*l - 4 = 0, y - 10*l + 11*l - 5 = 0. Let o be y*8 + (833 - -41). What is the greatest common divisor of 18 and o?
18
Let g(s) = 4*s**2 + 6. Let p be g(-7). Let c = p + -52. Suppose 9*j - 14*j = -c. Calculate the greatest common factor of 12 and j.
6
Suppose 632 = -0*m + 15*m - 6208. Calculate the greatest common divisor of m and 216.
24
Let q(k) = -k**2 - 4*k + 26. Let v be q(10). Let h be 1402/12 - 19/v. Calculate the greatest common divisor of h and 9.
9
Let q be ((-1344)/10 + 0)/(225/(-750)). Calculate the highest common divisor of q and 256.
64
Let m = -163 - -284. Let j(p) = -11*p + 53. Let h be j(18). Let n = h - -156. Calculate the highest common divisor of m and n.
11
Let z = -233 - -252. Suppose z*o - 269 - 111 = 0. What is the greatest common factor of o and 20?
20
Suppose 5*o - o - 40 = 0. Let x be (-10)/(-4)*(-44)/(-10). Let y(t) = 9*t + 11. Let s be y(x). What is the greatest common divisor of s and o?
10
Let v = 0 - -2. Suppose 4*d = 3*k - 122, 64*d + 4*k - 124 = 68*d. Let c be v/10 - d/5. Calculate the highest common factor of c and 54.
6
Suppose 111*n - 16294 = 29549. What is the greatest common factor of n and 14?
7
Let f be (-48)/(-84)*7/1. What is the greatest common factor of 4748 and f?
4
Suppose 4*a + 49 = -3*h + 109, -3*a + 3*h = -3. What is the highest common factor of a and 543?
3
Let y = 137 - 108. Let v(n) = -n + 38. Let q be v(y). Calculate the greatest common factor of 9 and q.
9
Let p be 1001/49 + (-6)/14. Let n(j) = -39*j**3 - 2*j - 1. Let b be (-1 - -2)/(-1 + -5 + 5). Let q be n(b). What is the highest common factor of p and q?
20
Let v = 21 - 59. Let j(l) = l**2 - l - 2. Let k be j(9). Let q = k + v. What is the greatest common factor of q and 96?
32
Suppose 0 = -29*x + 95 + 79. What is the highest common factor of x and 1374?
6
Let f(n) = 34*n**2 + 78*n - 157. Let z be f(2). Calculate the highest common divisor of 297 and z.
27
Suppose 129 = y - 3*q - 111, -3*y + 672 = 3*q. Let t = y - 76. Suppose 10*p - 171